**2 - 7*c - 1. Let h be o(y). What is the greatest common factor of h and 143?
13
Suppose -654 + 144 = -51*i. Let a(l) = l**2 + 5*l + 5. Let k be a(-5). What is the greatest common divisor of k and i?
5
Let f = 62 - 14. What is the highest common factor of 120 and f?
24
Let i be 2/(-9) + 3404/9. Suppose 5*s - i = -153. Let c be (-61)/(-2) + (-3)/6. What is the greatest common divisor of c and s?
15
Let s(q) = -q**2 + 9*q + 7. Let a be s(9). Suppose a = j - 0*j. Suppose 5 = 3*y - j. What is the greatest common factor of y and 8?
4
Let v = -317 - -449. Suppose -n = -2*p + v, -p + 73 = -0*p - 4*n. Calculate the highest common divisor of p and 13.
13
Suppose 0 = 3*x, 2*h - 3*x - 8 = -0*h. Let l = h - 2. Suppose -k + 51 = l*k. What is the highest common divisor of 153 and k?
17
Suppose 4*h + 1 = 9. Suppose n + h*n - 24 = 0. What is the highest common factor of 56 and n?
8
Suppose y - 11 = z, 0*y - 5 = -y - 5*z. Suppose -4*t + 2 + 149 = 3*a, -4*t - 2*a = -154. Let g = 70 - t. What is the highest common factor of g and y?
10
Let f(d) = 98*d**2 - d - 1. Let r be f(-1). Let j(s) = -14*s**3 + s**2 - 1. Let q = -18 + 17. Let w be j(q). Calculate the highest common factor of w and r.
14
Suppose 1 - 3 = -r + 2*q, 0 = r - q - 6. Let m = -42 + 43. What is the greatest common divisor of r and m?
1
Let u = 8 - -10. What is the highest common divisor of u and 126?
18
Suppose q = -0*q + 78. Suppose q = 2*w + 26. What is the greatest common divisor of 65 and w?
13
Let a(v) = v**2 + 4*v - 1. Let r be a(4). Suppose -5*m = -q + r, -2*q + 3 = -q + 2*m. What is the greatest common factor of 22 and q?
11
Let s(x) = -x + 9. Let z be s(9). Suppose -2*w = 4*g - 158, z = 4*g - 5*w - 178 - 15. Calculate the highest common divisor of g and 105.
21
Let x = -20 + 27. What is the highest common divisor of 63 and x?
7
Let a be (5/(-2))/((-1)/2). Suppose q - 5*g - 4 = -0*q, 5*q - a*g = 20. What is the greatest common divisor of q and 16?
4
Let k be -2*(-7*2 + 2). Let l be -4 - -3 - -4*1. Calculate the highest common factor of l and k.
3
Let j be (-50 + 3)/(1 + 0). Let v = j + 66. Calculate the highest common divisor of v and 38.
19
Let c be (4/12)/((-2)/(-36)). Let p be ((-4)/6)/(c/(-117)). What is the greatest common divisor of 78 and p?
13
Suppose -4*t + 8 = i, i = 5*t - t. Let z be (38/(-3))/((-4)/6). Let o = z - i. What is the highest common factor of 165 and o?
15
Suppose 4*l - n = -0*n + 244, 0 = l + 2*n - 70. Calculate the greatest common factor of l and 31.
31
Let d be (-120)/14*(-19 + 12). What is the highest common factor of d and 40?
20
Let s be (-325)/(-10)*8/5. What is the greatest common divisor of s and 13?
13
Suppose 0 = -4*y - w + 64, -26 = -2*y - 0*y + w. Let c(t) = t**3 - 5*t**2 + 6*t. Let d be c(5). What is the greatest common factor of y and d?
15
Let q = -46 - -76. What is the greatest common divisor of q and 20?
10
Let v(q) be the third derivative of 5*q**4/12 - q**3/6 - q**2. Let l be v(1). Let p be (-141)/(-2) - (-6)/4. What is the highest common factor of p and l?
9
Let a be -4 + -1 + 3 + 19. Calculate the greatest common factor of 85 and a.
17
Suppose 0 = -14*q + 19*q - 135. Calculate the greatest common factor of q and 27.
27
Let j = -11 + 14. Suppose -2*z + 24 = j*w - 101, 3*w - 4*z - 101 = 0. Calculate the greatest common divisor of w and 13.
13
Let u = 1 - -1. Suppose -3*y - 141 = -2*k, -u = -2*y - 0*y. Suppose 2*g = -0*g + k. What is the greatest common divisor of 54 and g?
18
Let d(l) = -l + 26. Let k be d(12). Let m be 23/5 + k/35. What is the greatest common divisor of 10 and m?
5
Let d be (-1356)/(-45) + 2/(-15). Calculate the greatest common factor of d and 6.
6
Let y(s) = s**2 - 3*s + 4. Let i be y(-5). Let c = 76 - i. Let h be 4*(-6 - -4 - -4). Calculate the greatest common divisor of h and c.
8
Let x = 13 - 7. Let y be (8/(-6))/(x/(-729)). Suppose -g = 5*o - 8, 4*o - o - 30 = -2*g. What is the greatest common divisor of y and g?
18
Let y(r) = 7*r - 3. Let b(a) = 3*a - 2. Let g(x) = 5*b(x) - 2*y(x). Let h be g(4). Suppose h = -4*s + 16. What is the greatest common factor of s and 1?
1
Let c be (2/(-3))/((-1)/15). Suppose -2*t = 3*t + 10, 95 = -5*x + 5*t. Let h = x + 41. Calculate the highest common factor of c and h.
10
Let m(f) = 9*f - 5. Let w be m(7). Let h(q) = -q**2 + 6. Let i be h(-6). Let y = i + w. Calculate the greatest common divisor of 42 and y.
14
Suppose 0 = 4*d - 3*d. Suppose d = -2*u + 5 + 1. Let v be (0/u + -1)*-13. Calculate the highest common factor of v and 143.
13
Let o be 8 + -6 + 1 + 151. Calculate the greatest common factor of 14 and o.
14
Suppose -3*d = 47 - 257. Suppose -3*n = p - 17, -4*n - n + 25 = 0. Suppose -o - p*o + 30 = 0. What is the highest common divisor of d and o?
10
Suppose 5*f - 49 = 4*r - 16, 2*r = 2*f - 14. Let v(l) = 10*l - 2. Let w be v(f). What is the greatest common factor of 8 and w?
8
Suppose 5*p - 41 = -4*i, 4*p = -2*i + 20 - 4. What is the greatest common divisor of i and 154?
14
Suppose -4*c = 67 - 195. What is the highest common factor of c and 320?
32
Let p(y) = 2*y**2 + 4*y + 3. Suppose -1 - 5 = 2*a. Let z be p(a). What is the greatest common divisor of 36 and z?
9
Suppose -k - 4*k = 3*m - 30, 0 = 4*m - 5*k - 5. Suppose 14 = -i + 5*t, -m*i + 5*t + 34 = 4. What is the highest common divisor of 33 and i?
11
Suppose -2*l - 250 = -4*n, -5*n - 35 = 3*l - 320. What is the highest common divisor of n and 15?
15
Suppose 0*m = -9*m + 54. Calculate the greatest common factor of 2 and m.
2
Suppose 2*m + 249 = r + 2*r, -4*r + 2*m = -334. Calculate the highest common factor of 17 and r.
17
Let v(n) = -n - 9. Let a be v(-7). Let w be ((-48)/42)/(a/7). What is the highest common divisor of w and 2?
2
Suppose -1 - 3 = -q. Suppose 5*v = q*v + 26. What is the greatest common factor of v and 13?
13
Suppose 2*z - w - 3*w = 2, 0 = -4*z + 5*w + 7. Suppose 2*a - 40 = q - 12, z*q = -5*a + 70. Calculate the highest common divisor of a and 14.
14
Let y be -2 + (1 - 17*-3). What is the greatest common factor of 75 and y?
25
Let l(c) = -5 - 30*c + 2*c + 7*c. Let r be l(-5). Calculate the highest common divisor of r and 20.
20
Let l(k) = -k**3 + 7*k**2 + 9*k - 5. Let i be l(8). Suppose -3*y - 2*o + 30 = 0, -y + 4*o + 21 + i = 0. Calculate the greatest common factor of 6 and y.
6
Let v(a) = -a**2 + 13*a + 3. Let i be v(13). Suppose 36 = 2*o + i*j - j, -5*j - 50 = -5*o. Calculate the greatest common factor of o and 14.
14
Suppose -3*d + 5*d - 14 = 0. Suppose 4*m - 396 = -116. What is the highest common factor of d and m?
7
Let h = 2 - -4. Let b be (3/(-6))/((-1)/12). What is the greatest common divisor of h and b?
6
Suppose 3*u = -u - 204. Let q = 85 + u. What is the highest common divisor of q and 51?
17
Suppose 0*v = 2*v + t - 30, -4*v = t - 56. Calculate the highest common divisor of v and 13.
13
Suppose 159 + 49 = 2*t. Calculate the greatest common divisor of 26 and t.
26
Suppose -3 - 1 = -4*u. Let d be 2 - (-1 + 1 - u). Suppose 0 = -4*c + 23 - d. What is the highest common factor of 35 and c?
5
Suppose 9 = 4*j - 11. Let a = 29 + 16. What is the greatest common divisor of j and a?
5
Suppose -5*p + j - 2*j = 48, -4*p = -j + 33. Let s be (-650)/p + (-2)/9. What is the highest common divisor of s and 9?
9
Suppose 2*d + 35 - 95 = 0. Suppose 3*k + 300 = 7*k. What is the greatest common divisor of d and k?
15
Let i = 37 + -55. Let k = i - -29. Calculate the highest common divisor of k and 22.
11
Let y(f) be the first derivative of 2*f**3/3 + 3*f**2/2 - 4*f - 2. Let v be y(-4). What is the highest common factor of v and 80?
16
Let f be 110/8 - 2/(-8). Let z = f + -10. Suppose -85 = -z*y - 3*a, -y + 2*y = -4*a + 18. Calculate the highest common divisor of y and 2.
2
Let r(b) = 2*b - 12. Let y be r(10). Let w(k) = 4*k. Let c be w(y). What is the highest common factor of c and 4?
4
Let f(k) = -k**2 + k + 1. Let n(m) = 2*m - 12. Let t be n(6). Let d be f(t). Calculate the highest common factor of 11 and d.
1
Let d be (2/(-2))/(2/(-12)). Let h be (2 + -11)/((-2)/d). Suppose -3*k = -7*k + m + 21, -5*k + m + h = 0. What is the highest common divisor of 48 and k?
6
Let d = -1 - -9. Let u(c) = 2*c**2 - 7*c - 9. Let k be u(d). What is the greatest common factor of k and 9?
9
Let m(w) = -3*w + 1. Let v be m(-9). Suppose -2*g - v